
3
What is the ten thousands digit of 3704438?
0
What is the millions digit of 1983341?
1
What is the tens digit of 7351445?
4
What is the units digit of 5920114?
4
What is the units digit of 1239639?
9
What is the tens digit of 456550?
5
What is the units digit of 6134368?
8
What is the tens digit of 21235790?
9
What is the hundred thousands digit of 290342?
2
What is the hundreds digit of 6629228?
2
What is the ten thousands digit of 9993653?
9
What is the tens digit of 9407177?
7
What is the units digit of 34445955?
5
What is the hundreds digit of 591137?
1
What is the tens digit of 208388?
8
What is the tens digit of 8985049?
4
What is the thousands digit of 20802984?
2
What is the ten thousands digit of 7869575?
6
What is the ten millions digit of 19547274?
1
What is the tens digit of 412018?
1
What is the tens digit of 905667?
6
What is the hundred thousands digit of 4304835?
3
What is the units digit of 16370362?
2
What is the thousands digit of 346857?
6
What is the thousands digit of 6024958?
4
What is the thousands digit of 533345?
3
What is the ten thousands digit of 33428062?
2
What is the tens digit of 11146?
4
What is the units digit of 410762?
2
What is the hundred thousands digit of 645540?
6
What is the units digit of 1227016?
6
What is the units digit of 247086?
6
What is the thousands digit of 108963?
8
What is the ten thousands digit of 447310?
4
What is the tens digit of 371489?
8
What is the units digit of 1193777?
7
What is the hundreds digit of 3999888?
8
What is the units digit of 4400041?
1
What is the hundreds digit of 1680364?
3
What is the hundred thousands digit of 201848?
2
What is the tens digit of 216453?
5
What is the hundreds digit of 248476?
4
What is the thousands digit of 1310547?
0
What is the thousands digit of 87602?
7
What is the hundreds digit of 150585?
5
What is the thousands digit of 1580318?
0
What is the millions digit of 3208572?
3
What is the millions digit of 8143798?
8
What is the units digit of 3446368?
8
What is the tens digit of 165405?
0
What is the hundred thousands digit of 1298986?
2
What is the thousands digit of 505295?
5
What is the hundred thousands digit of 2371016?
3
What is the tens digit of 2129428?
2
What is the ten thousands digit of 373218?
7
What is the tens digit of 7055856?
5
What is the hundred thousands digit of 9082637?
0
What is the hundreds digit of 1672121?
1
What is the tens digit of 126556?
5
What is the tens digit of 1478904?
0
What is the hundred thousands digit of 973715?
9
What is the units digit of 16222?
2
What is the units digit of 4396197?
7
What is the millions digit of 5115053?
5
What is the units digit of 1879576?
6
What is the units digit of 2967014?
4
What is the millions digit of 31119069?
1
What is the thousands digit of 1526869?
6
What is the ten thousands digit of 9648654?
4
What is the thousands digit of 25918880?
8
What is the units digit of 162571?
1
What is the hundreds digit of 14349641?
6
What is the ten thousands digit of 831996?
3
What is the millions digit of 14130047?
4
What is the thousands digit of 807722?
7
What is the tens digit of 177036?
3
What is the tens digit of 507514?
1
What is the hundreds digit of 4951419?
4
What is the ten thousands digit of 28610276?
1
What is the thousands digit of 1932921?
2
What is the thousands digit of 2369913?
9
What is the thousands digit of 8195287?
5
What is the units digit of 6122923?
3
What is the hundred thousands digit of 351797?
3
What is the tens digit of 262652?
5
What is the tens digit of 1222573?
7
What is the ten thousands digit of 500887?
0
What is the units digit of 5039197?
7
What is the millions digit of 1437207?
1
What is the hundred thousands digit of 509745?
5
What is the hundreds digit of 2083054?
0
What is the hundreds digit of 29012?
0
What is the thousands digit of 640286?
0
What is the tens digit of 382054?
5
What is the thousands digit of 90733?
0
What is the tens digit of 2228150?
5
What is the hundred thousands digit of 8229172?
2
What is the units digit of 418902?
2
What is the units digit of 2060797?
7
What is the units digit of 2457742?
2
What is the thousands digit of 4323052?
3
What is the hundred thousands digit of 8315865?
3
What is the hundreds digit of 61035?
0
What is the units digit of 356606?
6
What is the ten thousands digit of 844076?
4
What is the hundreds digit of 503337?
3
What is the hundreds digit of 302458?
4
What is the hundred thousands digit of 498248?
4
What is the units digit of 265200?
0
What is the thousands digit of 1391?
1
What is the hundred thousands digit of 1220540?
2
What is the hundreds digit of 30400918?
9
What is the hundreds digit of 1421597?
5
What is the units digit of 210163?
3
What is the ten thousands digit of 16487583?
8
What is the hundred thousands digit of 2916060?
9
What is the ten thousands digit of 906327?
0
What is the units digit of 11563352?
2
What is the hundreds digit of 1670595?
5
What is the thousands digit of 2458862?
8
What is the hundred thousands digit of 221063?
2
What is the thousands digit of 2209312?
9
What is the units digit of 382758?
8
What is the units digit of 2114188?
8
What is the units digit of 10585542?
2
What is the ten thousands digit of 1130195?
3
What is the thousands digit of 3909452?
9
What is the ten thousands digit of 364039?
6
What is the thousands digit of 96985?
6
What is the millions digit of 5139087?
5
What is the hundred thousands digit of 256891?
2
What is the tens digit of 880992?
9
What is the tens digit of 1626649?
4
What is the thousands digit of 963577?
3
What is the ten thousands digit of 955315?
5
What is the hundreds digit of 485815?
8
What is the units digit of 2341878?
8
What is the tens digit of 40191?
9
What is the ten thousands digit of 10215945?
1
What is the hundred thousands digit of 103395?
1
What is the thousands digit of 2026269?
6
What is the millions digit of 3347731?
3
What is the tens digit of 335935?
3
What is the ten thousands digit of 154218?
5
What is the tens digit of 357945?
4
What is the hundreds digit of 2824218?
2
What is the millions digit of 23330445?
3
What is the hundreds digit of 27327707?
7
What is the tens digit of 27241?
4
What is the thousands digit of 69568?
9
What is the units digit of 1102629?
9
What is the hundred thousands digit of 2432430?
4
What is the ten thousands digit of 19149470?
4
What is the hundreds digit of 446385?
3
What is the hundred thousands digit of 101650?
1
What is the millions digit of 2050723?
2
What is the tens digit of 142479?
7
What is the hundred thousands digit of 2008726?
0
What is the hundreds digit of 944377?
3
What is the hundred thousands digit of 3983091?
9
What is the thousands digit of 902510?
2
What is the hundred thousands digit of 9315603?
3
What is the units digit of 13970946?
6
What is the tens digit of 10731444?
4
What is the millions digit of 1638636?
1
What is the hundreds digit of 2535783?
7
What is the hundred thousands digit of 10575904?
5
What is the millions digit of 6275752?
6
What is the hundred thousands digit of 2336641?
3
What is the hundred thousands digit of 381097?
3
What is the tens digit of 904328?
2
What is the hundreds digit of 249886?
8
What is the ten thousands digit of 403349?
0
What is the tens digit of 130757?
5
What is the hundreds digit of 3381463?
4
What is the ten thousands digit of 1381016?
8
What is the thousands digit of 20166615?
6
What is the units digit of 1994697?
7
What is the tens digit of 339199?
9
What is the millions digit of 4603135?
4
What is the ten thousands digit of 660137?
6
What is the hundreds digit of 3351788?
7
What is the units digit of 3574197?
7
What is the units digit of 448990?
0
What is the ten thousands digit of 372719?
7
What is the hundreds digit of 3002233?
2
What is the hundred thousands digit of 160000?
1
What is the hundred thousands digit of 11031548?
0
What is the millions digit of 1177700?
1
What is the thousands digit of 156081?
6
What is the hundreds digit of 447707?
7
What is the hundreds digit of 105068?
0
What is the units digit of 297316?
6
What is the thousands digit of 10044144?
4
What is the millions digit of 9388959?
9
What is the units digit of 7231343?
3
What is the tens digit of 473800?
0
What is the millions digit of 